- 2. Let u be r(2). Suppose 0 = -2*p - p - u. Let l(i) = -i**2 - 4*i + 4. Determine l(p).
-8
Let y(n) be the third derivative of n**7/1260 + n**6/360 - 23*n**5/30 - 8*n**2. Let i(l) be the third derivative of y(l). Calculate i(-3).
-10
Let w(j) be the first derivative of -j**3/3 - 11*j**2/2 - 10*j + 469. Determine w(-10).
0
Let p(u) = 3*u**3 + 20*u**2 + u - 1. Let r(j) = -j**3 - 7*j**2. Let s(z) = -3*p(z) - 8*r(z). Suppose -221*h = -223*h - 6. Calculate s(h).
3
Let r(f) be the second derivative of -5*f**4/8 + f**3/6 + 31*f**2/2 + 27*f. Let m(s) be the first derivative of r(s). Determine m(1).
-14
Let g be -1 + 6 + (-3 - -5). Let b = -31 + 33. Let l(a) = -1 - a**b - 32*a - 1 + 39*a. Calculate l(g).
-2
Let l(a) = -4*a**3 - a**2 - 1. Let q(w) = -7*w**3 - 2*w**2 + w - 1. Let h(i) = -5*l(i) + 3*q(i). Let s = 19 - 14. Let z = -7 + s. Determine h(z).
0
Suppose 0 = -5*v - 5*i - 10, 0 = v + 4*i + 14. Let p(g) = g + 3 - 2 - v + 5. Give p(5).
9
Let q(j) = -4*j - 3. Let c be q(-8). Suppose c - 14 = 3*h. Let m(p) = -p**3 + 4*p**2 + 7*p - 3. Determine m(h).
7
Let s(j) be the second derivative of -j**3/6 - 14*j**2 + 222*j. Calculate s(-21).
-7
Let c(d) = d + 9. Let x(q) = -q**2 - 7*q - 3. Let y be x(-6). Suppose -j - 7 = y*k + 24, 3*j = -3*k - 27. What is c(k)?
-2
Let o = 65 + -71. Let j(h) = 2*h + 12. Calculate j(o).
0
Let n(z) = 2*z**2 + z - 10. Let w(m) = m**2 - 9. Let p(a) = 2*n(a) - 3*w(a). Determine p(0).
7
Suppose 3*o - 4*o = -5*q, 4*q = -3*o. Let z(b) = -2*b + 2. Suppose -10*h + 9 = -7*h. Let d(c) = 3*c - 3. Let n(i) = h*d(i) + 4*z(i). Determine n(o).
-1
Suppose 6*k - 2*g - 41 = 9, 3*k + 2*g - 13 = 0. Let n(c) = -c**2 + 7*c + 3. Give n(k).
3
Let m(v) = -2 + 7*v**2 - 2*v - 6*v**2 - 4*v**2 - 2*v**3. Determine m(-2).
6
Let j(l) be the first derivative of 10*l + 2 + 1/2*l**2. Suppose o = -3*o - 20. Determine j(o).
5
Let h = -58 + 63. Suppose 0 = h*t - 3 + 23. Let o(z) = z**3 + 5*z**2 + 6*z + 3 + 0*z**3 + 1. Calculate o(t).
-4
Let y(o) = -o + 5. Let t(w) = w + 24. Let f be t(-14). Suppose 3*h - 5*h + f = 0. Determine y(h).
0
Let q(d) be the second derivative of -d**4/3 + d**3 - 7*d**2/2 - 196*d. Calculate q(2).
-11
Let x = 17 - 11. Let r(j) = 4*j**2 - 4*j - 7. Let m(z) = 5*z**2 - 4*z - 8. Let y(q) = -3*m(q) + 4*r(q). What is y(x)?
8
Let l be 4/(-18) - (-869)/(-99). Let f(x) = -x - 12. Give f(l).
-3
Let y(s) = -s - 2. Let r(k) = -k - 14. Let q = 2 + 2. Let u = q - 13. Let m be r(u). Determine y(m).
3
Let m be ((-2)/2)/(6/(-48)). Let y(a) = 3*a. Determine y(m).
24
Let j(z) be the second derivative of -7*z**6/40 - z**5/30 - z**4/24 + 7*z**2/2 - 8*z. Let o(m) be the first derivative of j(m). Calculate o(-1).
20
Let r(s) = -15 + s**2 + 23 + 0*s**2 - 17 + s + 8. Let a(m) = m**2 - 5*m + 4. Let b be a(3). Calculate r(b).
1
Let r(u) = -3*u + 8. Suppose -15*d - 16 = 89. Calculate r(d).
29
Let d(m) be the second derivative of m**5/60 - 5*m**4/24 + 7*m**3/6 + 7*m**2/2 + 8*m. Let n(k) be the first derivative of d(k). Determine n(5).
7
Let s be -16*(2/(-8) - 0). Suppose 4*a = -k - 4*k + 35, 0 = s*a + 2*k - 26. Let i(j) = -j**2 + 5*j - 2. Calculate i(a).
-2
Let u be -9*(-2 + 1) - 2. Let x(b) = -b**2 - 11*b - 4. Let f be x(-9). Let a(l) = 12 - f*l + 22*l - 9*l. Determine a(u).
5
Let d(j) = -2*j - 17. Let g be d(-12). Let i(u) = -3*u + 9. Calculate i(g).
-12
Let p(x) = -4*x + 3*x**2 - 6 - x - x**2. Let v(q) = 5*q**2 - 16*q - 17. Let y(u) = -8*p(u) + 3*v(u). Suppose -6 = 3*i + 15. Give y(i).
4
Let v(c) = -c**2 + 3*c. Let p be v(3). Let f = p - 0. Let j(a) be the second derivative of -a**4/12 + a**3/6 + 3*a**2/2 + 24*a. Calculate j(f).
3
Suppose 4*u - 34 = -2*f, -f = -5*f - 20. Let k be (11 - u)*(1 - 0). Let m(l) = l - 10. Calculate m(k).
-10
Let a(d) = -1. Let s(h) = -h**3 - 12*h**2 + 13*h + 3. Let v(y) = 2*a(y) - s(y). Determine v(-13).
-5
Suppose 4*h + 25 = -3. Let b(m) be the second derivative of m**5/20 + 7*m**4/12 + m**3/6 - m**2 - 10*m. Determine b(h).
-9
Let s(m) = 7*m**2 + 5*m - 9. Let l(a) = 6*a**2 + 6*a - 6. Let h(y) = -6*l(y) + 5*s(y). What is h(-5)?
21
Let h(d) = -9*d**3 - 9*d**2 - 13*d**3 - 5*d**3 + 26*d**3. Suppose 5*s + 60 = 15. Give h(s).
0
Let r(c) = c**3 + 0 - 5*c**2 - 3 - 4*c - 2*c**3. Let x(j) = -j**3 - 26*j**2 - 23*j + 47. Let p be x(-25). Let g be r(p). Let u(f) = -f - 15. Give u(g).
-6
Let b(m) = 560*m**2 + 7*m - 1122*m**2 + 563*m**2 + 4. Determine b(-6).
-2
Let p(j) = 12*j + 3 - 3*j - 4. Let w be (4/(-5))/(4/10). Determine p(w).
-19
Let o = 0 - -2. Suppose 6*s = s - 4*x - 1, -o*x + 4 = 4*s. Let t(l) = -l**3 + 4*l**2 - 3*l + 1. Calculate t(s).
1
Suppose 2*c + 20 = 5*v + 3, 0 = 3*c + 4*v - 9. Let m(q) = 25*q - 1. What is m(c)?
-26
Let h(n) = -7*n - 1 + n**3 + 2*n - n**2 + 2*n. Suppose -k - 16 = -0*k. Let p = k - -14. Determine h(p).
-7
Let l be (3/(-1))/((-5)/15). Let m be (l/(-2))/(84/112). Let f(r) = -4*r - 6. Determine f(m).
18
Let j = 52 - 64. Let b be (-28)/(-6) + 8/j. Let y(o) = -o**3 + 3*o**2 + 4*o. Determine y(b).
0
Let c(g) = 0*g - 7 + 20*g + 20*g**2 - g**3 - g + 16 + 32. Give c(21).
-1
Let k be 18/(-4)*28/21*-1. Let m(n) = -18 - k*n + 10 + 11 - 3*n**2 + 2*n**2. What is m(-5)?
8
Let m(w) = -9*w - 2. Let g be m(-1). Suppose -4*t + 21 = -g. Let f(u) = u - 9. Determine f(t).
-2
Let v be ((-6)/21)/1 - (-678)/21. Let n be v/(-6)*(-42)/28. Let l(k) = -k**2 + 7*k + 3. What is l(n)?
-5
Let i(d) = d**3 + 5*d**2. Let m be (256/4)/4 + 1. Suppose -4*u + m - 53 = 0. Let b(o) = -o**3 - 8*o**2 + 9*o - 5. Let s be b(u). Give i(s).
0
Let m(y) = -5*y**3 + 10*y**2 + 4*y - 4. Let z(a) = 6*a**3 - 11*a**2 - 5*a + 5. Let h(n) = 7*m(n) + 6*z(n). Determine h(-4).
10
Let w(b) = -62 + 27 + 19 - b + 24. Suppose -3*g = 2*g. Let r be g/(2 + -3)*-1. Determine w(r).
8
Let s = -2378 - -2377. Let n(d) = 3*d**2 - d - 1. Determine n(s).
3
Let h(r) be the second derivative of -r**4/12 - 4*r**3/3 + 9*r**2/2 + 18*r. Let p be -1*6 + -1*3. What is h(p)?
0
Suppose -8 = -2*w, 3*l - 2*w = -1 - 1. Let k(m) = -2*m**2 + 4*m**2 + 24 - 28 + 2*m - m**l. Let n(b) = b**3 + 10*b**2 - b - 14. Let g be n(-10). Calculate k(g).
4
Let i(k) = -k - 1. Suppose 0*j + j + 5*f - 18 = 0, -18 = -4*j - 2*f. Suppose -j*o = o. Suppose w - 6 = -0*c + 2*c, o = -2*w + c + 9. Determine i(w).
-5
Let i(n) = -n**3 + 35*n**2 - 35*n + 33. Let h be i(34). Let a(z) = 2*z**3 + z**2 + 4*z + 4. Determine a(h).
-1
Let b(l) = -2*l**3 + 186 - 4*l - 6*l**2 + l**3 - 182. Let o = 5 + -10. Give b(o).
-1
Suppose 61*h - 94*h = 0. Let j(g) be the second derivative of -g**4/12 + g**3/6 - 5*g**2/2 - g. What is j(h)?
-5
Let m(s) = 627*s - 309*s - 320*s - 1. Give m(1).
-3
Let y(a) = a**2 - a + 2. Let s be y(0). Suppose -x = s*f + 6, -5*x + 5*f = -0*f - 30. Let i(u) = 7*u - 3. Calculate i(x).
11
Let l(d) = d**3 - d**2 + d + 1. Suppose -6*j = -5*j - 3*j. What is l(j)?
1
Suppose -2*q - 5 - 5 = 0, -3*x + 5*q = -37. Let r(s) be the first derivative of 4/3*s**3 + s**2 + 4 - 2*s + 1/4*s**x. What is r(-2)?
2
Let f(o) = -33*o + 31*o + 57 - 5*o**2 - 58 - o**3. Determine f(-4).
-9
Let b(p) = 10*p**2 - p - 8. Let t(v) = -17*v**2 + 3*v + 15. Let s(m) = 5*b(m) + 3*t(m). Give s(4).
5
Let b(i) be the first derivative of -i**4/12 + 3*i**2/2 - 17*i + 21. Let a(n) be the first derivative of b(n). Calculate a(0).
3
Let q(m) = m**2 + 2*m. Let a(u) = -u**3 + 12*u**2 + u + 18. Let c be a(12). Let d = 26 - c. Determine q(d).
8
Let n(x) = x**2 + x - 2. Let s(o) = -o + 23. Let j be s(19). Suppose j*q + 9 = -3, 2*a = 5*q + 75. Let c = a - 33. Give n(c).
4
Let f(r) = 106*r - 62. Let b(m) = -37*m + 21. Let i(w) = -17*b(w) - 6*f(w). Calculate i(8).
-41
Let a(n) be the second derivative of -n**5/20 + 7*n**4/12 + 2*n**3/3 + 3*n**2 - 7*n + 65. Determine a(7).
34
Suppose -3*i + 25 = 2*i, 2*z = -2*i + 10. Let m be 3*-1 + (z/(-3))/(-2). Let u(d) = -d. Determine u(m).
3
Let y(d) be the third derivative of 0 - 3/20*d**5 + 0*d**3 - 6*d**2 - 1/24*d**4 + 0*d. What is y(-1)?
-8
Let g(a) = -a**3 - 6*a**2 - a - 6. Let s(l) = l**3 - 6*l**2 + 7*l. Let c be (12/(-4) - -1)/((-6)/9). Let b be s(c). What is g(b)?
0
Let t(m) = -7*m**3 - 8*m**2 + 2*m - 3. Let o(d) = -12*d**3 - 15*d**2 + 5*d - 5. Let p(g) = -3*o(g) + 5*t(g). Calculate p(-6).
-6
Let y(c) be the first derivative of 0*c**5 + 1 - 2*c**2 + 0*c - 11/120*c**6 - 1/24*c**4 + 1/6*c**3. Let w(z) be the second derivative of y(z).